{"id":3689,"date":"2026-02-10T08:25:13","date_gmt":"2026-02-10T07:25:13","guid":{"rendered":"https:\/\/crancfestival.com\/artistas\/temples\/"},"modified":"2026-02-11T09:36:51","modified_gmt":"2026-02-11T08:36:51","slug":"temples","status":"publish","type":"project","link":"https:\/\/crancfestival.com\/ca\/artistes\/temples\/","title":{"rendered":"Temples"},"content":{"rendered":"<div class='one_half'>\n\t\t\t\t\t<ul>\n<li><strong>Divendres 8 maig<\/strong><\/li>\n<li>Es Gremi<\/li>\n<\/ul>\n<p>Prepara\u2019t per a un viatge lis\u00e8rgic sense passar per duanes. Temples arriben al <a href=\"https:\/\/crancfestival.com\/ca\/mallorca\/\">Cranc Illa de Mallorca Festival 2026<\/a> amb nous temes sota el bra\u00e7, i el seu c\u00f2ctel infal\u00b7lible de psicod\u00e8lia seixantera, groove modern i can\u00e7ons que brillen com un calidoscopi fora de control. Deu anys despr\u00e9s de <em>Sun Structures<\/em>, el disc que els va convertir en banda de culte, els brit\u00e0nics demostren que all\u00f2 no era nost\u00e0lgia: era visi\u00f3. Guitarres hipn\u00f2tiques, tornades que floten i un directe pensat per perdre el nord\u2026 i quedar-s\u2019hi ben a gust.   <\/p>\n<p><a href=\"https:\/\/www.instagram.com\/templesofficial\/\" target=\"_blank\" rel=\"noopener noreferrer\">IG<\/a>\n\t\t\t\t<\/div><br \/>\n<div class='one_half et_column_last'>\n\t\t\t\t\t<iframe data-testid=\"embed-iframe\" style=\"border-radius:12px\" src=\"https:\/\/open.spotify.com\/embed\/artist\/4ogwGU9VPWrnVBs1GEwZVV?utm_source=generator\" width=\"100%\" height=\"352\" frameborder=\"0\" allowfullscreen=\"\" allow=\"autoplay; clipboard-write; encrypted-media; fullscreen; picture-in-picture\" loading=\"lazy\"><\/iframe> <a href=\"https:\/\/open.spotify.com\/intl-es\/artist\/4ogwGU9VPWrnVBs1GEwZVV?si=arUFmRT2S6yHQYzyGhYCLA\" target=\"_blank\" rel=\"noopener noreferrer\">Obrir Spotify<\/a>\n\t\t\t\t<\/div><div class='clear'><\/div><\/p>\n","protected":false},"excerpt":{"rendered":"","protected":false},"author":1,"featured_media":3690,"comment_status":"closed","ping_status":"closed","template":"","meta":{"_et_pb_use_builder":"","_et_pb_old_content":"","_et_gb_content_width":"","footnotes":""},"project_category":[29,21],"project_tag":[],"class_list":["post-3689","project","type-project","status-publish","has-post-thumbnail","hentry","project_category-29","project_category-mallorca"],"yoast_head":"<!-- This site is optimized with the Yoast SEO plugin v27.2 - https:\/\/yoast.com\/product\/yoast-seo-wordpress\/ -->\n<title>Temples &#8226; Artistes &#8226; Cranc Illa de Mallorca Festival<\/title>\n<meta name=\"description\" content=\"Prepara\u2019t per a un viatge lis\u00e8rgic sense passar per duanes. Temples arriben al Cranc Illa de Mallorca Festival 2026\" \/>\n<meta name=\"robots\" content=\"index, follow, max-snippet:-1, max-image-preview:large, max-video-preview:-1\" \/>\n<link rel=\"canonical\" href=\"https:\/\/crancfestival.com\/ca\/artistes\/temples\/\" \/>\n<meta property=\"og:locale\" content=\"ca_ES\" \/>\n<meta property=\"og:type\" content=\"article\" \/>\n<meta property=\"og:title\" content=\"Temples &#8226; Artistes &#8226; Cranc Illa de Mallorca Festival\" \/>\n<meta property=\"og:description\" content=\"Prepara\u2019t per a un viatge lis\u00e8rgic sense passar per duanes. Temples arriben al Cranc Illa de Mallorca Festival 2026\" \/>\n<meta property=\"og:url\" content=\"https:\/\/crancfestival.com\/ca\/artistes\/temples\/\" \/>\n<meta property=\"og:site_name\" content=\"Cranc Festival\" \/>\n<meta property=\"article:publisher\" content=\"https:\/\/www.facebook.com\/crancfestival\/\" \/>\n<meta property=\"article:modified_time\" content=\"2026-02-11T08:36:51+00:00\" \/>\n<meta property=\"og:image\" content=\"https:\/\/crancfestival.com\/wp-content\/uploads\/2026\/02\/temples-artista-cranc-illa-mallora-2026.webp\" \/>\n\t<meta property=\"og:image:width\" content=\"1920\" \/>\n\t<meta property=\"og:image:height\" content=\"1286\" \/>\n\t<meta property=\"og:image:type\" content=\"image\/webp\" \/>\n<meta name=\"twitter:card\" content=\"summary_large_image\" \/>\n<meta name=\"twitter:site\" content=\"@crancfestival\" \/>\n<meta name=\"twitter:label1\" content=\"Temps estimat de lectura\" \/>\n\t<meta name=\"twitter:data1\" content=\"1 minut\" \/>\n<script type=\"application\/ld+json\" class=\"yoast-schema-graph\">{\"@context\":\"https:\/\/schema.org\",\"@graph\":[{\"@type\":\"WebPage\",\"@id\":\"https:\/\/crancfestival.com\/ca\/artistes\/temples\/\",\"url\":\"https:\/\/crancfestival.com\/ca\/artistes\/temples\/\",\"name\":\"Temples &#8226; Artistes &#8226; Cranc Illa de Mallorca Festival\",\"isPartOf\":{\"@id\":\"https:\/\/crancfestival.com\/ca\/#website\"},\"primaryImageOfPage\":{\"@id\":\"https:\/\/crancfestival.com\/ca\/artistes\/temples\/#primaryimage\"},\"image\":{\"@id\":\"https:\/\/crancfestival.com\/ca\/artistes\/temples\/#primaryimage\"},\"thumbnailUrl\":\"https:\/\/crancfestival.com\/wp-content\/uploads\/2026\/02\/temples-artista-cranc-illa-mallora-2026.webp\",\"datePublished\":\"2026-02-10T07:25:13+00:00\",\"dateModified\":\"2026-02-11T08:36:51+00:00\",\"description\":\"Prepara\u2019t per a un viatge lis\u00e8rgic sense passar per duanes. Temples arriben al Cranc Illa de Mallorca Festival 2026\",\"breadcrumb\":{\"@id\":\"https:\/\/crancfestival.com\/ca\/artistes\/temples\/#breadcrumb\"},\"inLanguage\":\"ca\",\"potentialAction\":[{\"@type\":\"ReadAction\",\"target\":[\"https:\/\/crancfestival.com\/ca\/artistes\/temples\/\"]}]},{\"@type\":\"ImageObject\",\"inLanguage\":\"ca\",\"@id\":\"https:\/\/crancfestival.com\/ca\/artistes\/temples\/#primaryimage\",\"url\":\"https:\/\/crancfestival.com\/wp-content\/uploads\/2026\/02\/temples-artista-cranc-illa-mallora-2026.webp\",\"contentUrl\":\"https:\/\/crancfestival.com\/wp-content\/uploads\/2026\/02\/temples-artista-cranc-illa-mallora-2026.webp\",\"width\":1920,\"height\":1286,\"caption\":\"Temples - Artistes - Cranc Illa de Mallorca Festival 2026\"},{\"@type\":\"BreadcrumbList\",\"@id\":\"https:\/\/crancfestival.com\/ca\/artistes\/temples\/#breadcrumb\",\"itemListElement\":[{\"@type\":\"ListItem\",\"position\":1,\"name\":\"Portada\",\"item\":\"https:\/\/crancfestival.com\/ca\/cranc-festival-illes-balears\/\"},{\"@type\":\"ListItem\",\"position\":2,\"name\":\"Artistas\",\"item\":\"https:\/\/crancfestival.com\/ca\/artistes\/\"},{\"@type\":\"ListItem\",\"position\":3,\"name\":\"Temples\"}]},{\"@type\":\"WebSite\",\"@id\":\"https:\/\/crancfestival.com\/ca\/#website\",\"url\":\"https:\/\/crancfestival.com\/ca\/\",\"name\":\"Cranc Festival\",\"description\":\"Festival M\u00fasica Menorca &amp; Mallorca\",\"publisher\":{\"@id\":\"https:\/\/crancfestival.com\/ca\/#organization\"},\"potentialAction\":[{\"@type\":\"SearchAction\",\"target\":{\"@type\":\"EntryPoint\",\"urlTemplate\":\"https:\/\/crancfestival.com\/ca\/?s={search_term_string}\"},\"query-input\":{\"@type\":\"PropertyValueSpecification\",\"valueRequired\":true,\"valueName\":\"search_term_string\"}}],\"inLanguage\":\"ca\"},{\"@type\":\"Organization\",\"@id\":\"https:\/\/crancfestival.com\/ca\/#organization\",\"name\":\"Cranc Festival\",\"url\":\"https:\/\/crancfestival.com\/ca\/\",\"logo\":{\"@type\":\"ImageObject\",\"inLanguage\":\"ca\",\"@id\":\"https:\/\/crancfestival.com\/ca\/#\/schema\/logo\/image\/\",\"url\":\"https:\/\/crancfestival.com\/wp-content\/uploads\/2024\/02\/cranc-festival-logo-150.webp\",\"contentUrl\":\"https:\/\/crancfestival.com\/wp-content\/uploads\/2024\/02\/cranc-festival-logo-150.webp\",\"width\":127,\"height\":150,\"caption\":\"Cranc Festival\"},\"image\":{\"@id\":\"https:\/\/crancfestival.com\/ca\/#\/schema\/logo\/image\/\"},\"sameAs\":[\"https:\/\/www.facebook.com\/crancfestival\/\",\"https:\/\/x.com\/crancfestival\",\"https:\/\/www.instagram.com\/crancfestival\/\",\"https:\/\/open.spotify.com\/user\/2yrxvv8ld4ewgo2w9dc48qgwh\"]}]}<\/script>\n<!-- \/ Yoast SEO plugin. -->","yoast_head_json":{"title":"Temples &#8226; Artistes &#8226; Cranc Illa de Mallorca Festival","description":"Prepara\u2019t per a un viatge lis\u00e8rgic sense passar per duanes. Temples arriben al Cranc Illa de Mallorca Festival 2026","robots":{"index":"index","follow":"follow","max-snippet":"max-snippet:-1","max-image-preview":"max-image-preview:large","max-video-preview":"max-video-preview:-1"},"canonical":"https:\/\/crancfestival.com\/ca\/artistes\/temples\/","og_locale":"ca_ES","og_type":"article","og_title":"Temples &#8226; Artistes &#8226; Cranc Illa de Mallorca Festival","og_description":"Prepara\u2019t per a un viatge lis\u00e8rgic sense passar per duanes. Temples arriben al Cranc Illa de Mallorca Festival 2026","og_url":"https:\/\/crancfestival.com\/ca\/artistes\/temples\/","og_site_name":"Cranc Festival","article_publisher":"https:\/\/www.facebook.com\/crancfestival\/","article_modified_time":"2026-02-11T08:36:51+00:00","og_image":[{"width":1920,"height":1286,"url":"https:\/\/crancfestival.com\/wp-content\/uploads\/2026\/02\/temples-artista-cranc-illa-mallora-2026.webp","type":"image\/webp"}],"twitter_card":"summary_large_image","twitter_site":"@crancfestival","twitter_misc":{"Temps estimat de lectura":"1 minut"},"schema":{"@context":"https:\/\/schema.org","@graph":[{"@type":"WebPage","@id":"https:\/\/crancfestival.com\/ca\/artistes\/temples\/","url":"https:\/\/crancfestival.com\/ca\/artistes\/temples\/","name":"Temples &#8226; Artistes &#8226; Cranc Illa de Mallorca Festival","isPartOf":{"@id":"https:\/\/crancfestival.com\/ca\/#website"},"primaryImageOfPage":{"@id":"https:\/\/crancfestival.com\/ca\/artistes\/temples\/#primaryimage"},"image":{"@id":"https:\/\/crancfestival.com\/ca\/artistes\/temples\/#primaryimage"},"thumbnailUrl":"https:\/\/crancfestival.com\/wp-content\/uploads\/2026\/02\/temples-artista-cranc-illa-mallora-2026.webp","datePublished":"2026-02-10T07:25:13+00:00","dateModified":"2026-02-11T08:36:51+00:00","description":"Prepara\u2019t per a un viatge lis\u00e8rgic sense passar per duanes. Temples arriben al Cranc Illa de Mallorca Festival 2026","breadcrumb":{"@id":"https:\/\/crancfestival.com\/ca\/artistes\/temples\/#breadcrumb"},"inLanguage":"ca","potentialAction":[{"@type":"ReadAction","target":["https:\/\/crancfestival.com\/ca\/artistes\/temples\/"]}]},{"@type":"ImageObject","inLanguage":"ca","@id":"https:\/\/crancfestival.com\/ca\/artistes\/temples\/#primaryimage","url":"https:\/\/crancfestival.com\/wp-content\/uploads\/2026\/02\/temples-artista-cranc-illa-mallora-2026.webp","contentUrl":"https:\/\/crancfestival.com\/wp-content\/uploads\/2026\/02\/temples-artista-cranc-illa-mallora-2026.webp","width":1920,"height":1286,"caption":"Temples - Artistes - Cranc Illa de Mallorca Festival 2026"},{"@type":"BreadcrumbList","@id":"https:\/\/crancfestival.com\/ca\/artistes\/temples\/#breadcrumb","itemListElement":[{"@type":"ListItem","position":1,"name":"Portada","item":"https:\/\/crancfestival.com\/ca\/cranc-festival-illes-balears\/"},{"@type":"ListItem","position":2,"name":"Artistas","item":"https:\/\/crancfestival.com\/ca\/artistes\/"},{"@type":"ListItem","position":3,"name":"Temples"}]},{"@type":"WebSite","@id":"https:\/\/crancfestival.com\/ca\/#website","url":"https:\/\/crancfestival.com\/ca\/","name":"Cranc Festival","description":"Festival M\u00fasica Menorca &amp; Mallorca","publisher":{"@id":"https:\/\/crancfestival.com\/ca\/#organization"},"potentialAction":[{"@type":"SearchAction","target":{"@type":"EntryPoint","urlTemplate":"https:\/\/crancfestival.com\/ca\/?s={search_term_string}"},"query-input":{"@type":"PropertyValueSpecification","valueRequired":true,"valueName":"search_term_string"}}],"inLanguage":"ca"},{"@type":"Organization","@id":"https:\/\/crancfestival.com\/ca\/#organization","name":"Cranc Festival","url":"https:\/\/crancfestival.com\/ca\/","logo":{"@type":"ImageObject","inLanguage":"ca","@id":"https:\/\/crancfestival.com\/ca\/#\/schema\/logo\/image\/","url":"https:\/\/crancfestival.com\/wp-content\/uploads\/2024\/02\/cranc-festival-logo-150.webp","contentUrl":"https:\/\/crancfestival.com\/wp-content\/uploads\/2024\/02\/cranc-festival-logo-150.webp","width":127,"height":150,"caption":"Cranc Festival"},"image":{"@id":"https:\/\/crancfestival.com\/ca\/#\/schema\/logo\/image\/"},"sameAs":["https:\/\/www.facebook.com\/crancfestival\/","https:\/\/x.com\/crancfestival","https:\/\/www.instagram.com\/crancfestival\/","https:\/\/open.spotify.com\/user\/2yrxvv8ld4ewgo2w9dc48qgwh"]}]}},"_links":{"self":[{"href":"https:\/\/crancfestival.com\/ca\/wp-json\/wp\/v2\/project\/3689","targetHints":{"allow":["GET"]}}],"collection":[{"href":"https:\/\/crancfestival.com\/ca\/wp-json\/wp\/v2\/project"}],"about":[{"href":"https:\/\/crancfestival.com\/ca\/wp-json\/wp\/v2\/types\/project"}],"author":[{"embeddable":true,"href":"https:\/\/crancfestival.com\/ca\/wp-json\/wp\/v2\/users\/1"}],"replies":[{"embeddable":true,"href":"https:\/\/crancfestival.com\/ca\/wp-json\/wp\/v2\/comments?post=3689"}],"version-history":[{"count":2,"href":"https:\/\/crancfestival.com\/ca\/wp-json\/wp\/v2\/project\/3689\/revisions"}],"predecessor-version":[{"id":3825,"href":"https:\/\/crancfestival.com\/ca\/wp-json\/wp\/v2\/project\/3689\/revisions\/3825"}],"wp:featuredmedia":[{"embeddable":true,"href":"https:\/\/crancfestival.com\/ca\/wp-json\/wp\/v2\/media\/3690"}],"wp:attachment":[{"href":"https:\/\/crancfestival.com\/ca\/wp-json\/wp\/v2\/media?parent=3689"}],"wp:term":[{"taxonomy":"project_category","embeddable":true,"href":"https:\/\/crancfestival.com\/ca\/wp-json\/wp\/v2\/project_category?post=3689"},{"taxonomy":"project_tag","embeddable":true,"href":"https:\/\/crancfestival.com\/ca\/wp-json\/wp\/v2\/project_tag?post=3689"}],"curies":[{"name":"wp","href":"https:\/\/api.w.org\/{rel}","templated":true}]}}

<div class='one_half'>
					<ul>
<li><strong>Divendres 8 maig</strong></li>
<li>Es Gremi</li>
</ul>
<p>Prepara’t per a un viatge lisèrgic sense passar per duanes. Temples arriben al <a href="https://crancfestival.com/ca/mallorca/">Cranc Illa de Mallorca Festival 2026</a> amb nous temes sota el braç, i el seu còctel infal·lible de psicodèlia seixantera, groove modern i cançons que brillen com un calidoscopi fora de control. Deu anys després de <em>Sun Structures</em>, el disc que els va convertir en banda de culte, els britànics demostren que allò no era nostàlgia: era visió. Guitarres hipnòtiques, tornades que floten i un directe pensat per perdre el nord… i quedar-s’hi ben a gust.   </p>
<p><a href="https://www.instagram.com/templesofficial/" target="_blank" rel="noopener noreferrer">IG</a>
				</div><br />
<div class='one_half et_column_last'>
					<iframe data-testid="embed-iframe" style="border-radius:12px" src="https://open.spotify.com/embed/artist/4ogwGU9VPWrnVBs1GEwZVV?utm_source=generator" width="100%" height="352" frameborder="0" allowfullscreen="" allow="autoplay; clipboard-write; encrypted-media; fullscreen; picture-in-picture" loading="lazy"></iframe> <a href="https://open.spotify.com/intl-es/artist/4ogwGU9VPWrnVBs1GEwZVV?si=arUFmRT2S6yHQYzyGhYCLA" target="_blank" rel="noopener noreferrer">Obrir Spotify</a>
				</div><div class='clear'></div></p>

<!-- This site is optimized with the Yoast SEO plugin v27.2 - https://yoast.com/product/yoast-seo-wordpress/ -->
<title>Temples &#8226; Artistes &#8226; Cranc Illa de Mallorca Festival</title>
<meta name="description" content="Prepara’t per a un viatge lisèrgic sense passar per duanes. Temples arriben al Cranc Illa de Mallorca Festival 2026" />
<meta name="robots" content="index, follow, max-snippet:-1, max-image-preview:large, max-video-preview:-1" />
<link rel="canonical" href="https://crancfestival.com/ca/artistes/temples/" />
<meta property="og:locale" content="ca_ES" />
<meta property="og:type" content="article" />
<meta property="og:title" content="Temples &#8226; Artistes &#8226; Cranc Illa de Mallorca Festival" />
<meta property="og:description" content="Prepara’t per a un viatge lisèrgic sense passar per duanes. Temples arriben al Cranc Illa de Mallorca Festival 2026" />
<meta property="og:url" content="https://crancfestival.com/ca/artistes/temples/" />
<meta property="og:site_name" content="Cranc Festival" />
<meta property="article:publisher" content="https://www.facebook.com/crancfestival/" />
<meta property="article:modified_time" content="2026-02-11T08:36:51+00:00" />
<meta property="og:image" content="https://crancfestival.com/wp-content/uploads/2026/02/temples-artista-cranc-illa-mallora-2026.webp" />
	<meta property="og:image:width" content="1920" />
	<meta property="og:image:height" content="1286" />
	<meta property="og:image:type" content="image/webp" />
<meta name="twitter:card" content="summary_large_image" />
<meta name="twitter:site" content="@crancfestival" />
<meta name="twitter:label1" content="Temps estimat de lectura" />
	<meta name="twitter:data1" content="1 minut" />
<script type="application/ld+json" class="yoast-schema-graph">{"@context":"https://schema.org","@graph":[{"@type":"WebPage","@id":"https://crancfestival.com/ca/artistes/temples/","url":"https://crancfestival.com/ca/artistes/temples/","name":"Temples &#8226; Artistes &#8226; Cranc Illa de Mallorca Festival","isPartOf":{"@id":"https://crancfestival.com/ca/#website"},"primaryImageOfPage":{"@id":"https://crancfestival.com/ca/artistes/temples/#primaryimage"},"image":{"@id":"https://crancfestival.com/ca/artistes/temples/#primaryimage"},"thumbnailUrl":"https://crancfestival.com/wp-content/uploads/2026/02/temples-artista-cranc-illa-mallora-2026.webp","datePublished":"2026-02-10T07:25:13+00:00","dateModified":"2026-02-11T08:36:51+00:00","description":"Prepara’t per a un viatge lisèrgic sense passar per duanes. Temples arriben al Cranc Illa de Mallorca Festival 2026","breadcrumb":{"@id":"https://crancfestival.com/ca/artistes/temples/#breadcrumb"},"inLanguage":"ca","potentialAction":[{"@type":"ReadAction","target":["https://crancfestival.com/ca/artistes/temples/"]}]},{"@type":"ImageObject","inLanguage":"ca","@id":"https://crancfestival.com/ca/artistes/temples/#primaryimage","url":"https://crancfestival.com/wp-content/uploads/2026/02/temples-artista-cranc-illa-mallora-2026.webp","contentUrl":"https://crancfestival.com/wp-content/uploads/2026/02/temples-artista-cranc-illa-mallora-2026.webp","width":1920,"height":1286,"caption":"Temples - Artistes - Cranc Illa de Mallorca Festival 2026"},{"@type":"BreadcrumbList","@id":"https://crancfestival.com/ca/artistes/temples/#breadcrumb","itemListElement":[{"@type":"ListItem","position":1,"name":"Portada","item":"https://crancfestival.com/ca/cranc-festival-illes-balears/"},{"@type":"ListItem","position":2,"name":"Artistas","item":"https://crancfestival.com/ca/artistes/"},{"@type":"ListItem","position":3,"name":"Temples"}]},{"@type":"WebSite","@id":"https://crancfestival.com/ca/#website","url":"https://crancfestival.com/ca/","name":"Cranc Festival","description":"Festival Música Menorca &amp; Mallorca","publisher":{"@id":"https://crancfestival.com/ca/#organization"},"potentialAction":[{"@type":"SearchAction","target":{"@type":"EntryPoint","urlTemplate":"https://crancfestival.com/ca/?s={search_term_string}"},"query-input":{"@type":"PropertyValueSpecification","valueRequired":true,"valueName":"search_term_string"}}],"inLanguage":"ca"},{"@type":"Organization","@id":"https://crancfestival.com/ca/#organization","name":"Cranc Festival","url":"https://crancfestival.com/ca/","logo":{"@type":"ImageObject","inLanguage":"ca","@id":"https://crancfestival.com/ca/#/schema/logo/image/","url":"https://crancfestival.com/wp-content/uploads/2024/02/cranc-festival-logo-150.webp","contentUrl":"https://crancfestival.com/wp-content/uploads/2024/02/cranc-festival-logo-150.webp","width":127,"height":150,"caption":"Cranc Festival"},"image":{"@id":"https://crancfestival.com/ca/#/schema/logo/image/"},"sameAs":["https://www.facebook.com/crancfestival/","https://x.com/crancfestival","https://www.instagram.com/crancfestival/","https://open.spotify.com/user/2yrxvv8ld4ewgo2w9dc48qgwh"]}]}</script>
<!-- / Yoast SEO plugin. -->

Prepara’t per a un viatge lisèrgic sense passar per duanes. Temples arriben al Cranc Illa de Mallorca Festival 2026

Festival Música Menorca &amp; Mallorca
