{"id":3119,"date":"2026-02-03T17:38:02","date_gmt":"2026-02-03T16:38:02","guid":{"rendered":"https:\/\/crancfestival.com\/artistas\/malanima\/"},"modified":"2026-02-09T13:56:40","modified_gmt":"2026-02-09T12:56:40","slug":"malanima","status":"publish","type":"project","link":"https:\/\/crancfestival.com\/ca\/artistes\/malanima\/","title":{"rendered":"Mal\u00e1nima"},"content":{"rendered":"<div class='one_half'>\n\t\t\t\t\t<ul>\n<li><strong>Divendres 8 maig<\/strong><\/li>\n<li>Es Gremi<\/li>\n<\/ul>\n<p>Mal\u00e1nima al Cranc Illa de Mallorca 2026: mo\u00f1as, punk i llibertat emocional<\/p>\n<p>Des de Barcelona per\u00f2 amb el cor (i l\u2019arrel) ben menorqu\u00ed, Mal\u00e1nima arriba al Cranc per donar-ho tot amb el seu pop esmolat i sense filtres. Amor intens, amistats que cremen i emocions a flor de pell es barregen en can\u00e7ons que no demanen perm\u00eds. En directe, Mal\u00e1nima \u00e9s una desc\u00e0rrega crua i brillant, una experi\u00e8ncia que et sacseja entre sintetitzadors, guitarres i visuals potents. Amb dos EPs que defensen l\u2019autogesti\u00f3, el mo\u00f1a, el punk i la vulnerabilitat tot alhora, el projecte es troba ara immers en la creaci\u00f3 del seu primer disc. I a Mallorca, ve disposat a trencar cors i amplificadors.    <\/p>\n<p><a href=\"https:\/\/www.instagram.com\/malanima_\/\" target=\"_blank\" rel=\"noopener noreferrer\">IG<\/a>\n\t\t\t\t<\/div><div class='one_half et_column_last'>\n\t\t\t\t\t<iframe style=\"border-radius:12px\" src=\"https:\/\/open.spotify.com\/embed\/artist\/0oaIrEA4Qc6HUpmjO6UjdG?utm_source=generator\" width=\"100%\" height=\"352\" frameborder=\"0\" allowfullscreen=\"\" allow=\"autoplay; clipboard-write; encrypted-media; fullscreen; picture-in-picture\" loading=\"lazy\"><\/iframe> <a href=\"https:\/\/open.spotify.com\/intl-es\/artist\/0oaIrEA4Qc6HUpmjO6UjdG?si=xmZIH6WLTQacl1V5ZTDk5w\" target=\"_blank\">Obrir Spotify<\/a>\n\t\t\t\t<\/div><div class='clear'><\/div><\/p>\n","protected":false},"excerpt":{"rendered":"","protected":false},"author":1,"featured_media":3117,"comment_status":"closed","ping_status":"closed","template":"","meta":{"_et_pb_use_builder":"","_et_pb_old_content":"","_et_gb_content_width":"","footnotes":""},"project_category":[29,21],"project_tag":[],"class_list":["post-3119","project","type-project","status-publish","has-post-thumbnail","hentry","project_category-29","project_category-mallorca"],"yoast_head":"<!-- This site is optimized with the Yoast SEO plugin v27.2 - https:\/\/yoast.com\/product\/yoast-seo-wordpress\/ -->\n<title>Mal\u00e1nima &#8226; Artistas &#8226; Cranc Illa de Mallorca<\/title>\n<meta name=\"description\" content=\"Des de Barcelona per\u00f2 amb el cor (i l\u2019arrel) ben menorqu\u00ed, Mal\u00e1nima arriba al Cranc per donar-ho tot amb el seu pop esmolat i sense filtres\" \/>\n<meta name=\"robots\" content=\"index, follow, max-snippet:-1, max-image-preview:large, max-video-preview:-1\" \/>\n<link rel=\"canonical\" href=\"https:\/\/crancfestival.com\/ca\/artistes\/malanima\/\" \/>\n<meta property=\"og:locale\" content=\"ca_ES\" \/>\n<meta property=\"og:type\" content=\"article\" \/>\n<meta property=\"og:title\" content=\"Mal\u00e1nima &#8226; Artistas &#8226; Cranc Illa de Mallorca\" \/>\n<meta property=\"og:description\" content=\"Des de Barcelona per\u00f2 amb el cor (i l\u2019arrel) ben menorqu\u00ed, Mal\u00e1nima arriba al Cranc per donar-ho tot amb el seu pop esmolat i sense filtres\" \/>\n<meta property=\"og:url\" content=\"https:\/\/crancfestival.com\/ca\/artistes\/malanima\/\" \/>\n<meta property=\"og:site_name\" content=\"Cranc Festival\" \/>\n<meta property=\"article:publisher\" content=\"https:\/\/www.facebook.com\/crancfestival\/\" \/>\n<meta property=\"article:modified_time\" content=\"2026-02-09T12:56:40+00:00\" \/>\n<meta property=\"og:image\" content=\"https:\/\/crancfestival.com\/wp-content\/uploads\/2025\/05\/malanima-cranc-illa-menorca-artistas.webp\" \/>\n\t<meta property=\"og:image:width\" content=\"1920\" \/>\n\t<meta property=\"og:image:height\" content=\"1920\" \/>\n\t<meta property=\"og:image:type\" content=\"image\/webp\" \/>\n<meta name=\"twitter:card\" content=\"summary_large_image\" \/>\n<meta name=\"twitter:site\" content=\"@crancfestival\" \/>\n<meta name=\"twitter:label1\" content=\"Temps estimat de lectura\" \/>\n\t<meta name=\"twitter:data1\" content=\"1 minut\" \/>\n<script type=\"application\/ld+json\" class=\"yoast-schema-graph\">{\"@context\":\"https:\/\/schema.org\",\"@graph\":[{\"@type\":\"WebPage\",\"@id\":\"https:\/\/crancfestival.com\/ca\/artistes\/malanima\/\",\"url\":\"https:\/\/crancfestival.com\/ca\/artistes\/malanima\/\",\"name\":\"Mal\u00e1nima &#8226; Artistas &#8226; Cranc Illa de Mallorca\",\"isPartOf\":{\"@id\":\"https:\/\/crancfestival.com\/ca\/#website\"},\"primaryImageOfPage\":{\"@id\":\"https:\/\/crancfestival.com\/ca\/artistes\/malanima\/#primaryimage\"},\"image\":{\"@id\":\"https:\/\/crancfestival.com\/ca\/artistes\/malanima\/#primaryimage\"},\"thumbnailUrl\":\"https:\/\/crancfestival.com\/wp-content\/uploads\/2025\/05\/malanima-cranc-illa-menorca-artistas.webp\",\"datePublished\":\"2026-02-03T16:38:02+00:00\",\"dateModified\":\"2026-02-09T12:56:40+00:00\",\"description\":\"Des de Barcelona per\u00f2 amb el cor (i l\u2019arrel) ben menorqu\u00ed, Mal\u00e1nima arriba al Cranc per donar-ho tot amb el seu pop esmolat i sense filtres\",\"breadcrumb\":{\"@id\":\"https:\/\/crancfestival.com\/ca\/artistes\/malanima\/#breadcrumb\"},\"inLanguage\":\"ca\",\"potentialAction\":[{\"@type\":\"ReadAction\",\"target\":[\"https:\/\/crancfestival.com\/ca\/artistes\/malanima\/\"]}]},{\"@type\":\"ImageObject\",\"inLanguage\":\"ca\",\"@id\":\"https:\/\/crancfestival.com\/ca\/artistes\/malanima\/#primaryimage\",\"url\":\"https:\/\/crancfestival.com\/wp-content\/uploads\/2025\/05\/malanima-cranc-illa-menorca-artistas.webp\",\"contentUrl\":\"https:\/\/crancfestival.com\/wp-content\/uploads\/2025\/05\/malanima-cranc-illa-menorca-artistas.webp\",\"width\":1920,\"height\":1920,\"caption\":\"Mal\u00e1nima - Artistas Cranc Illa de Mallorca 2026\"},{\"@type\":\"BreadcrumbList\",\"@id\":\"https:\/\/crancfestival.com\/ca\/artistes\/malanima\/#breadcrumb\",\"itemListElement\":[{\"@type\":\"ListItem\",\"position\":1,\"name\":\"Portada\",\"item\":\"https:\/\/crancfestival.com\/ca\/cranc-festival-illes-balears\/\"},{\"@type\":\"ListItem\",\"position\":2,\"name\":\"Artistas\",\"item\":\"https:\/\/crancfestival.com\/ca\/artistes\/\"},{\"@type\":\"ListItem\",\"position\":3,\"name\":\"Mal\u00e1nima\"}]},{\"@type\":\"WebSite\",\"@id\":\"https:\/\/crancfestival.com\/ca\/#website\",\"url\":\"https:\/\/crancfestival.com\/ca\/\",\"name\":\"Cranc Festival\",\"description\":\"Festival M\u00fasica Menorca &amp; Mallorca\",\"publisher\":{\"@id\":\"https:\/\/crancfestival.com\/ca\/#organization\"},\"potentialAction\":[{\"@type\":\"SearchAction\",\"target\":{\"@type\":\"EntryPoint\",\"urlTemplate\":\"https:\/\/crancfestival.com\/ca\/?s={search_term_string}\"},\"query-input\":{\"@type\":\"PropertyValueSpecification\",\"valueRequired\":true,\"valueName\":\"search_term_string\"}}],\"inLanguage\":\"ca\"},{\"@type\":\"Organization\",\"@id\":\"https:\/\/crancfestival.com\/ca\/#organization\",\"name\":\"Cranc Festival\",\"url\":\"https:\/\/crancfestival.com\/ca\/\",\"logo\":{\"@type\":\"ImageObject\",\"inLanguage\":\"ca\",\"@id\":\"https:\/\/crancfestival.com\/ca\/#\/schema\/logo\/image\/\",\"url\":\"https:\/\/crancfestival.com\/wp-content\/uploads\/2024\/02\/cranc-festival-logo-150.webp\",\"contentUrl\":\"https:\/\/crancfestival.com\/wp-content\/uploads\/2024\/02\/cranc-festival-logo-150.webp\",\"width\":127,\"height\":150,\"caption\":\"Cranc Festival\"},\"image\":{\"@id\":\"https:\/\/crancfestival.com\/ca\/#\/schema\/logo\/image\/\"},\"sameAs\":[\"https:\/\/www.facebook.com\/crancfestival\/\",\"https:\/\/x.com\/crancfestival\",\"https:\/\/www.instagram.com\/crancfestival\/\",\"https:\/\/open.spotify.com\/user\/2yrxvv8ld4ewgo2w9dc48qgwh\"]}]}<\/script>\n<!-- \/ Yoast SEO plugin. -->","yoast_head_json":{"title":"Mal\u00e1nima &#8226; Artistas &#8226; Cranc Illa de Mallorca","description":"Des de Barcelona per\u00f2 amb el cor (i l\u2019arrel) ben menorqu\u00ed, Mal\u00e1nima arriba al Cranc per donar-ho tot amb el seu pop esmolat i sense filtres","robots":{"index":"index","follow":"follow","max-snippet":"max-snippet:-1","max-image-preview":"max-image-preview:large","max-video-preview":"max-video-preview:-1"},"canonical":"https:\/\/crancfestival.com\/ca\/artistes\/malanima\/","og_locale":"ca_ES","og_type":"article","og_title":"Mal\u00e1nima &#8226; Artistas &#8226; Cranc Illa de Mallorca","og_description":"Des de Barcelona per\u00f2 amb el cor (i l\u2019arrel) ben menorqu\u00ed, Mal\u00e1nima arriba al Cranc per donar-ho tot amb el seu pop esmolat i sense filtres","og_url":"https:\/\/crancfestival.com\/ca\/artistes\/malanima\/","og_site_name":"Cranc Festival","article_publisher":"https:\/\/www.facebook.com\/crancfestival\/","article_modified_time":"2026-02-09T12:56:40+00:00","og_image":[{"width":1920,"height":1920,"url":"https:\/\/crancfestival.com\/wp-content\/uploads\/2025\/05\/malanima-cranc-illa-menorca-artistas.webp","type":"image\/webp"}],"twitter_card":"summary_large_image","twitter_site":"@crancfestival","twitter_misc":{"Temps estimat de lectura":"1 minut"},"schema":{"@context":"https:\/\/schema.org","@graph":[{"@type":"WebPage","@id":"https:\/\/crancfestival.com\/ca\/artistes\/malanima\/","url":"https:\/\/crancfestival.com\/ca\/artistes\/malanima\/","name":"Mal\u00e1nima &#8226; Artistas &#8226; Cranc Illa de Mallorca","isPartOf":{"@id":"https:\/\/crancfestival.com\/ca\/#website"},"primaryImageOfPage":{"@id":"https:\/\/crancfestival.com\/ca\/artistes\/malanima\/#primaryimage"},"image":{"@id":"https:\/\/crancfestival.com\/ca\/artistes\/malanima\/#primaryimage"},"thumbnailUrl":"https:\/\/crancfestival.com\/wp-content\/uploads\/2025\/05\/malanima-cranc-illa-menorca-artistas.webp","datePublished":"2026-02-03T16:38:02+00:00","dateModified":"2026-02-09T12:56:40+00:00","description":"Des de Barcelona per\u00f2 amb el cor (i l\u2019arrel) ben menorqu\u00ed, Mal\u00e1nima arriba al Cranc per donar-ho tot amb el seu pop esmolat i sense filtres","breadcrumb":{"@id":"https:\/\/crancfestival.com\/ca\/artistes\/malanima\/#breadcrumb"},"inLanguage":"ca","potentialAction":[{"@type":"ReadAction","target":["https:\/\/crancfestival.com\/ca\/artistes\/malanima\/"]}]},{"@type":"ImageObject","inLanguage":"ca","@id":"https:\/\/crancfestival.com\/ca\/artistes\/malanima\/#primaryimage","url":"https:\/\/crancfestival.com\/wp-content\/uploads\/2025\/05\/malanima-cranc-illa-menorca-artistas.webp","contentUrl":"https:\/\/crancfestival.com\/wp-content\/uploads\/2025\/05\/malanima-cranc-illa-menorca-artistas.webp","width":1920,"height":1920,"caption":"Mal\u00e1nima - Artistas Cranc Illa de Mallorca 2026"},{"@type":"BreadcrumbList","@id":"https:\/\/crancfestival.com\/ca\/artistes\/malanima\/#breadcrumb","itemListElement":[{"@type":"ListItem","position":1,"name":"Portada","item":"https:\/\/crancfestival.com\/ca\/cranc-festival-illes-balears\/"},{"@type":"ListItem","position":2,"name":"Artistas","item":"https:\/\/crancfestival.com\/ca\/artistes\/"},{"@type":"ListItem","position":3,"name":"Mal\u00e1nima"}]},{"@type":"WebSite","@id":"https:\/\/crancfestival.com\/ca\/#website","url":"https:\/\/crancfestival.com\/ca\/","name":"Cranc Festival","description":"Festival M\u00fasica Menorca &amp; Mallorca","publisher":{"@id":"https:\/\/crancfestival.com\/ca\/#organization"},"potentialAction":[{"@type":"SearchAction","target":{"@type":"EntryPoint","urlTemplate":"https:\/\/crancfestival.com\/ca\/?s={search_term_string}"},"query-input":{"@type":"PropertyValueSpecification","valueRequired":true,"valueName":"search_term_string"}}],"inLanguage":"ca"},{"@type":"Organization","@id":"https:\/\/crancfestival.com\/ca\/#organization","name":"Cranc Festival","url":"https:\/\/crancfestival.com\/ca\/","logo":{"@type":"ImageObject","inLanguage":"ca","@id":"https:\/\/crancfestival.com\/ca\/#\/schema\/logo\/image\/","url":"https:\/\/crancfestival.com\/wp-content\/uploads\/2024\/02\/cranc-festival-logo-150.webp","contentUrl":"https:\/\/crancfestival.com\/wp-content\/uploads\/2024\/02\/cranc-festival-logo-150.webp","width":127,"height":150,"caption":"Cranc Festival"},"image":{"@id":"https:\/\/crancfestival.com\/ca\/#\/schema\/logo\/image\/"},"sameAs":["https:\/\/www.facebook.com\/crancfestival\/","https:\/\/x.com\/crancfestival","https:\/\/www.instagram.com\/crancfestival\/","https:\/\/open.spotify.com\/user\/2yrxvv8ld4ewgo2w9dc48qgwh"]}]}},"_links":{"self":[{"href":"https:\/\/crancfestival.com\/ca\/wp-json\/wp\/v2\/project\/3119","targetHints":{"allow":["GET"]}}],"collection":[{"href":"https:\/\/crancfestival.com\/ca\/wp-json\/wp\/v2\/project"}],"about":[{"href":"https:\/\/crancfestival.com\/ca\/wp-json\/wp\/v2\/types\/project"}],"author":[{"embeddable":true,"href":"https:\/\/crancfestival.com\/ca\/wp-json\/wp\/v2\/users\/1"}],"replies":[{"embeddable":true,"href":"https:\/\/crancfestival.com\/ca\/wp-json\/wp\/v2\/comments?post=3119"}],"version-history":[{"count":2,"href":"https:\/\/crancfestival.com\/ca\/wp-json\/wp\/v2\/project\/3119\/revisions"}],"predecessor-version":[{"id":3717,"href":"https:\/\/crancfestival.com\/ca\/wp-json\/wp\/v2\/project\/3119\/revisions\/3717"}],"wp:featuredmedia":[{"embeddable":true,"href":"https:\/\/crancfestival.com\/ca\/wp-json\/wp\/v2\/media\/3117"}],"wp:attachment":[{"href":"https:\/\/crancfestival.com\/ca\/wp-json\/wp\/v2\/media?parent=3119"}],"wp:term":[{"taxonomy":"project_category","embeddable":true,"href":"https:\/\/crancfestival.com\/ca\/wp-json\/wp\/v2\/project_category?post=3119"},{"taxonomy":"project_tag","embeddable":true,"href":"https:\/\/crancfestival.com\/ca\/wp-json\/wp\/v2\/project_tag?post=3119"}],"curies":[{"name":"wp","href":"https:\/\/api.w.org\/{rel}","templated":true}]}}

Malánima

<div class='one_half'>
					<ul>
<li><strong>Divendres 8 maig</strong></li>
<li>Es Gremi</li>
</ul>
<p>Malánima al Cranc Illa de Mallorca 2026: moñas, punk i llibertat emocional</p>
<p>Des de Barcelona però amb el cor (i l’arrel) ben menorquí, Malánima arriba al Cranc per donar-ho tot amb el seu pop esmolat i sense filtres. Amor intens, amistats que cremen i emocions a flor de pell es barregen en cançons que no demanen permís. En directe, Malánima és una descàrrega crua i brillant, una experiència que et sacseja entre sintetitzadors, guitarres i visuals potents. Amb dos EPs que defensen l’autogestió, el moña, el punk i la vulnerabilitat tot alhora, el projecte es troba ara immers en la creació del seu primer disc. I a Mallorca, ve disposat a trencar cors i amplificadors.    </p>
<p><a href="https://www.instagram.com/malanima_/" target="_blank" rel="noopener noreferrer">IG</a>
				</div><div class='one_half et_column_last'>
					<iframe style="border-radius:12px" src="https://open.spotify.com/embed/artist/0oaIrEA4Qc6HUpmjO6UjdG?utm_source=generator" width="100%" height="352" frameborder="0" allowfullscreen="" allow="autoplay; clipboard-write; encrypted-media; fullscreen; picture-in-picture" loading="lazy"></iframe> <a href="https://open.spotify.com/intl-es/artist/0oaIrEA4Qc6HUpmjO6UjdG?si=xmZIH6WLTQacl1V5ZTDk5w" target="_blank">Obrir Spotify</a>
				</div><div class='clear'></div></p>

<!-- This site is optimized with the Yoast SEO plugin v27.2 - https://yoast.com/product/yoast-seo-wordpress/ -->
<title>Malánima &#8226; Artistas &#8226; Cranc Illa de Mallorca</title>
<meta name="description" content="Des de Barcelona però amb el cor (i l’arrel) ben menorquí, Malánima arriba al Cranc per donar-ho tot amb el seu pop esmolat i sense filtres" />
<meta name="robots" content="index, follow, max-snippet:-1, max-image-preview:large, max-video-preview:-1" />
<link rel="canonical" href="https://crancfestival.com/ca/artistes/malanima/" />
<meta property="og:locale" content="ca_ES" />
<meta property="og:type" content="article" />
<meta property="og:title" content="Malánima &#8226; Artistas &#8226; Cranc Illa de Mallorca" />
<meta property="og:description" content="Des de Barcelona però amb el cor (i l’arrel) ben menorquí, Malánima arriba al Cranc per donar-ho tot amb el seu pop esmolat i sense filtres" />
<meta property="og:url" content="https://crancfestival.com/ca/artistes/malanima/" />
<meta property="og:site_name" content="Cranc Festival" />
<meta property="article:publisher" content="https://www.facebook.com/crancfestival/" />
<meta property="article:modified_time" content="2026-02-09T12:56:40+00:00" />
<meta property="og:image" content="https://crancfestival.com/wp-content/uploads/2025/05/malanima-cranc-illa-menorca-artistas.webp" />
	<meta property="og:image:width" content="1920" />
	<meta property="og:image:height" content="1920" />
	<meta property="og:image:type" content="image/webp" />
<meta name="twitter:card" content="summary_large_image" />
<meta name="twitter:site" content="@crancfestival" />
<meta name="twitter:label1" content="Temps estimat de lectura" />
	<meta name="twitter:data1" content="1 minut" />
<script type="application/ld+json" class="yoast-schema-graph">{"@context":"https://schema.org","@graph":[{"@type":"WebPage","@id":"https://crancfestival.com/ca/artistes/malanima/","url":"https://crancfestival.com/ca/artistes/malanima/","name":"Malánima &#8226; Artistas &#8226; Cranc Illa de Mallorca","isPartOf":{"@id":"https://crancfestival.com/ca/#website"},"primaryImageOfPage":{"@id":"https://crancfestival.com/ca/artistes/malanima/#primaryimage"},"image":{"@id":"https://crancfestival.com/ca/artistes/malanima/#primaryimage"},"thumbnailUrl":"https://crancfestival.com/wp-content/uploads/2025/05/malanima-cranc-illa-menorca-artistas.webp","datePublished":"2026-02-03T16:38:02+00:00","dateModified":"2026-02-09T12:56:40+00:00","description":"Des de Barcelona però amb el cor (i l’arrel) ben menorquí, Malánima arriba al Cranc per donar-ho tot amb el seu pop esmolat i sense filtres","breadcrumb":{"@id":"https://crancfestival.com/ca/artistes/malanima/#breadcrumb"},"inLanguage":"ca","potentialAction":[{"@type":"ReadAction","target":["https://crancfestival.com/ca/artistes/malanima/"]}]},{"@type":"ImageObject","inLanguage":"ca","@id":"https://crancfestival.com/ca/artistes/malanima/#primaryimage","url":"https://crancfestival.com/wp-content/uploads/2025/05/malanima-cranc-illa-menorca-artistas.webp","contentUrl":"https://crancfestival.com/wp-content/uploads/2025/05/malanima-cranc-illa-menorca-artistas.webp","width":1920,"height":1920,"caption":"Malánima - Artistas Cranc Illa de Mallorca 2026"},{"@type":"BreadcrumbList","@id":"https://crancfestival.com/ca/artistes/malanima/#breadcrumb","itemListElement":[{"@type":"ListItem","position":1,"name":"Portada","item":"https://crancfestival.com/ca/cranc-festival-illes-balears/"},{"@type":"ListItem","position":2,"name":"Artistas","item":"https://crancfestival.com/ca/artistes/"},{"@type":"ListItem","position":3,"name":"Malánima"}]},{"@type":"WebSite","@id":"https://crancfestival.com/ca/#website","url":"https://crancfestival.com/ca/","name":"Cranc Festival","description":"Festival Música Menorca &amp; Mallorca","publisher":{"@id":"https://crancfestival.com/ca/#organization"},"potentialAction":[{"@type":"SearchAction","target":{"@type":"EntryPoint","urlTemplate":"https://crancfestival.com/ca/?s={search_term_string}"},"query-input":{"@type":"PropertyValueSpecification","valueRequired":true,"valueName":"search_term_string"}}],"inLanguage":"ca"},{"@type":"Organization","@id":"https://crancfestival.com/ca/#organization","name":"Cranc Festival","url":"https://crancfestival.com/ca/","logo":{"@type":"ImageObject","inLanguage":"ca","@id":"https://crancfestival.com/ca/#/schema/logo/image/","url":"https://crancfestival.com/wp-content/uploads/2024/02/cranc-festival-logo-150.webp","contentUrl":"https://crancfestival.com/wp-content/uploads/2024/02/cranc-festival-logo-150.webp","width":127,"height":150,"caption":"Cranc Festival"},"image":{"@id":"https://crancfestival.com/ca/#/schema/logo/image/"},"sameAs":["https://www.facebook.com/crancfestival/","https://x.com/crancfestival","https://www.instagram.com/crancfestival/","https://open.spotify.com/user/2yrxvv8ld4ewgo2w9dc48qgwh"]}]}</script>
<!-- / Yoast SEO plugin. -->

Malánima &#8226; Artistas &#8226; Cranc Illa de Mallorca

Des de Barcelona però amb el cor (i l’arrel) ben menorquí, Malánima arriba al Cranc per donar-ho tot amb el seu pop esmolat i sense filtres

Malánima - Artistas Cranc Illa de Mallorca 2026

Festival Música Menorca &amp; Mallorca
